{"id":17,"date":"2020-11-16T16:09:24","date_gmt":"2020-11-16T15:09:24","guid":{"rendered":"http:\/\/ape.sciencespo-lille.eu\/?page_id=17"},"modified":"2023-12-17T12:38:01","modified_gmt":"2023-12-17T11:38:01","slug":"presentation","status":"publish","type":"page","link":"https:\/\/ape.sciencespo-lille.eu\/","title":{"rendered":"Pr\u00e9sentation de la majeure Affaires Publiques en Europe"},"content":{"rendered":"\n<p>Bienvenue sur le site de la&nbsp;<strong>majeure Affaires Publiques en Europe (APEu)<\/strong>&nbsp;de Sciences Po Lille.<\/p>\n\n\n\n<h2 class=\"wp-block-heading\" id=\"objectif-de-la-formation\">Objectif de la formation<\/h2>\n\n\n\n<p>La prise en compte de l\u2019\u00e9chelon europ\u00e9en est essentielle pour ma\u00eetriser les dynamiques \u00e0 l\u2019\u0153uvre dans le monde contemporain, que ce soit en mati\u00e8re de s\u00e9curit\u00e9, d\u2019environnement, de protection des donn\u00e9es personnelles ou de politique industrielle\u2026<br>La majeure Affaires publiques en Europe (APEu) aborde l<strong>\u2019Union europ\u00e9enne<\/strong> sous l\u2019angle de <strong>sa place et de son r\u00f4le dans la gestion des nouveaux d\u00e9fis internationaux et environnementaux<\/strong>.<br>Elle s\u2019int\u00e9resse \u00e9galement aux modalit\u00e9s d\u2019\u00e9diction des r\u00e8gles, \u00e0 la \u00ab fa\u00e7on de faire la Loi \u00bb et de mettre en \u0153uvre les politiques, dans une perspective \u00e0 la fois politique, \u00e9conomique et juridique qui articule des enseignements acad\u00e9miques avec des approches plus pratiques.<\/p>\n\n\n\n<p><br>Deux sp\u00e9cialisations sont possibles en seconde ann\u00e9e : <\/p>\n\n\n\n<ul class=\"wp-block-list\"><li><strong>L\u2019UE dans un monde globalis\u00e9 <\/strong><\/li><\/ul>\n\n\n\n<ul class=\"wp-block-list\"><li><strong>R\u00e9gulation europ\u00e9enne et d\u00e9fis \u00e9cologiques <\/strong><\/li><\/ul>\n\n\n\n<hr class=\"wp-block-separator has-text-color has-background is-style-wide\" style=\"background-color:#eef0f1;color:#eef0f1\"\/>\n\n\n\n<h2 class=\"wp-block-heading\" id=\"principaux-debouches\">Principaux d\u00e9bouch\u00e9s <\/h2>\n\n\n\n<p>Les d\u00e9bouch\u00e9s rel\u00e8vent \u00e0 la fois du secteur priv\u00e9 et du secteur public :<\/p>\n\n\n\n<ul class=\"wp-block-list\"><li>Entreprises (d\u00e9fense des int\u00e9r\u00eats de l\u2019entreprise, s\u00e9curisation des int\u00e9r\u00eats financiers, processus de normalisation industrielle, d\u00e9fense d\u2019indications g\u00e9ographiques prot\u00e9g\u00e9es)<\/li><li>Cabinets de conseil (lobbying, communication)<\/li><li>ONG et secteur associatif ou para-public (responsable plaidoyer, montages et financement de projets europ\u00e9ens)<\/li><li>Contractuel, contractuelle ou statutaire de la fonction publique (apr\u00e8s un concours auquel la formation pr\u00e9pare), dans des administrations locales, nationale et internationale (diplomatie) ou europ\u00e9enne (concours EPSO, Conseil de l\u2019Europe)<\/li><li>M\u00e9tiers de la recherche et de l\u2019expertise<\/li><li>Domaine politique (attach\u00e9 parlementaire, communication) \u00e0 la fois au niveau europ\u00e9en et national<\/li><\/ul>\n\n\n\n<hr class=\"wp-block-separator has-text-color has-background is-style-wide\" style=\"background-color:#eef0f1;color:#eef0f1\"\/>\n\n\n\n<h2 class=\"wp-block-heading\" id=\"responsable-de-la-majeure-apeu\">Responsable de la majeure APEU<\/h2>\n\n\n\n<div class=\"wp-block-media-text alignwide is-stacked-on-mobile\" style=\"grid-template-columns:31% auto\"><figure class=\"wp-block-media-text__media\"><img loading=\"lazy\" decoding=\"async\" width=\"1024\" height=\"913\" src=\"http:\/\/ape.sciencespo-lille.eu\/wp-content\/uploads\/2020\/12\/Bracq-image-ronde-min-1024x913.png\" alt=\"\" class=\"wp-image-185 size-full\" srcset=\"https:\/\/ape.sciencespo-lille.eu\/wp-content\/uploads\/2020\/12\/Bracq-image-ronde-min-1024x913.png 1024w, https:\/\/ape.sciencespo-lille.eu\/wp-content\/uploads\/2020\/12\/Bracq-image-ronde-min-300x267.png 300w, https:\/\/ape.sciencespo-lille.eu\/wp-content\/uploads\/2020\/12\/Bracq-image-ronde-min-768x685.png 768w, https:\/\/ape.sciencespo-lille.eu\/wp-content\/uploads\/2020\/12\/Bracq-image-ronde-min-1536x1370.png 1536w, https:\/\/ape.sciencespo-lille.eu\/wp-content\/uploads\/2020\/12\/Bracq-image-ronde-min.png 1938w\" sizes=\"auto, (max-width: 1024px) 100vw, 1024px\" \/><\/figure><div class=\"wp-block-media-text__content\">\n<p class=\"has-large-font-size\"><strong>St\u00e9phane Bracq<\/strong><\/p>\n\n\n\n<p><strong>Ma\u00eetre de conf\u00e9rences en droit public<\/strong><em> |<\/em> <strong>Habilit\u00e9 \u00e0 diriger des recherches (HDR)<\/strong><\/p>\n\n\n\n<p>Domaines de recherche :&nbsp;droit de la concurrence, concurrence et service public, droit et gouvernance de l&rsquo;Union europ\u00e9enne. <\/p>\n<\/div><\/div>\n\n\n\n<div style=\"height:21px\" aria-hidden=\"true\" class=\"wp-block-spacer\"><\/div>\n\n\n\n<h2 class=\"wp-block-heading\" id=\"edito-du-responsable-de-la-majeure\">\u00c9dito du responsable de la majeure<\/h2>\n\n\n\n<p class=\"has-text-align-center\"><strong><span class=\"has-inline-color has-black-color\">L\u2019Europe c\u2019est au coin de la rue, c\u2019est vous.<\/span><\/strong><\/p>\n\n\n\n<p class=\"has-drop-cap\">L\u2019action de l\u2019Union europ\u00e9enne se situe aussi bien dans votre ville par le biais de projets de financement qu\u2019\u00e0 l\u2019autre bout de la plan\u00e8te \u00e0 travers des d\u00e9l\u00e9gations. <\/p>\n\n\n\n<p>La majeure Affaires Publiques en Europe (APEu) a pour ambition d\u2019appr\u00e9hender cette action non seulement dans le but d\u2019acc\u00e9der \u00e0 un m\u00e9tier mais aussi sous l\u2019angle de la <strong>recherche<\/strong>. Il s\u2019agit de comprendre les <mark style=\"background-color:rgba(0, 0, 0, 0);color:#845769\" class=\"has-inline-color\">relations internationales et europ\u00e9ennes<\/mark> pour mieux agir.<\/p>\n\n\n\n<p>Sur le plan de l\u2019orientation professionnelle, il est important de noter que les m\u00e9tiers de l\u2019Europe rel\u00e8vent du <strong>secteur priv\u00e9<\/strong> plus encore que du <strong>secteur public<\/strong>. Certes, la fonction publique europ\u00e9enne constitue un d\u00e9bouch\u00e9 possible et attrayant. Toutefois, c\u2019est le secteur priv\u00e9 qui offre le plus d\u2019opportunit\u00e9s. \u00c0 ces carri\u00e8res, il faut \u00e9galement ajouter les m\u00e9tiers du politique.<\/p>\n\n\n\n<p>La formation offre, d\u2019une part, les connaissances techniques de base pour acc\u00e9der \u00e0 ces professions, comprendre le processus normatif et s\u2019ach\u00e8ve par un stage de 6 mois. D\u2019autre part, il s\u2019agit d\u2019utiliser l\u2019enseignement par et \u00e0 la recherche pour donner des clefs de compr\u00e9hension. Dans cette perspective, au-del\u00e0 de l\u2019exercice du m\u00e9moire, deux grands parcours sont ouverts. Le premier propose de comprendre, par la discussion avec praticiennes, praticiens, chercheurs et chercheuses, le <mark style=\"background-color:rgba(0, 0, 0, 0);color:#845769\" class=\"has-inline-color\">r\u00f4le de l\u2019UE dans un monde globalis\u00e9<\/mark>. Le second s\u2019int\u00e9resse aux <mark style=\"background-color:rgba(0, 0, 0, 0);color:#845769\" class=\"has-inline-color\">enjeux \u00e9cologiques<\/mark>.<\/p>\n\n\n\n<p>Aux termes des deux ann\u00e9es de Master, les dipl\u00f4m\u00e9s de Sciences Po Lille en Affaires Publiques en Europe ont donc les clefs pour comprendre et s\u2019ins\u00e9rer dans un monde en mutation o\u00f9 la d\u00e9cision et l\u2019action se situent de plus en plus \u00e0 un \u00e9chelon transnational. Qu\u2019ils travaillent pour une association, une institution publique ou une entreprise, ils sauront s\u2019adapter et prendre en compte les multiples facteurs qui influencent la prise de d\u00e9cision.<\/p>\n\n\n\n<p>L\u2019\u00e9tat d\u2019esprit \u00ab&nbsp;Sciences Po Lille&nbsp;\u00bb se retrouve aussi dans ce parcours par l\u2019investissement des anciens dans une Europe proche de chacun.<\/p>\n\n\n\n<p class=\"has-text-align-center\"><strong><span class=\"has-inline-color has-black-color\">L\u2019Europe, c\u2019est nous.<\/span><\/strong><\/p>\n\n\n\n<p class=\"has-text-align-right\"><strong>St\u00e9phane Bracq<\/strong><\/p>\n","protected":false},"excerpt":{"rendered":"<p>Bienvenue sur le site de la&nbsp;majeure Affaires Publiques en Europe (APEu)&nbsp;de Sciences Po Lille. Objectif de la formation La prise en compte de l\u2019\u00e9chelon europ\u00e9en est essentielle pour ma\u00eetriser les dynamiques \u00e0 l\u2019\u0153uvre dans le monde contemporain, que ce soit en mati\u00e8re de s\u00e9curit\u00e9, d\u2019environnement, de protection des donn\u00e9es personnelles ou de politique industrielle\u2026La majeure [&hellip;]<\/p>\n","protected":false},"author":1,"featured_media":0,"parent":0,"menu_order":0,"comment_status":"closed","ping_status":"closed","template":"","meta":{"_seopress_robots_primary_cat":"","_seopress_titles_title":"","_seopress_titles_desc":"","_seopress_robots_index":"","ocean_post_layout":"","ocean_both_sidebars_style":"","ocean_both_sidebars_content_width":0,"ocean_both_sidebars_sidebars_width":0,"ocean_sidebar":"0","ocean_second_sidebar":"0","ocean_disable_margins":"enable","ocean_add_body_class":"","ocean_shortcode_before_top_bar":"","ocean_shortcode_after_top_bar":"","ocean_shortcode_before_header":"","ocean_shortcode_after_header":"","ocean_has_shortcode":"","ocean_shortcode_after_title":"","ocean_shortcode_before_footer_widgets":"","ocean_shortcode_after_footer_widgets":"","ocean_shortcode_before_footer_bottom":"","ocean_shortcode_after_footer_bottom":"","ocean_display_top_bar":"default","ocean_display_header":"default","ocean_header_style":"","ocean_center_header_left_menu":"0","ocean_custom_header_template":"0","ocean_custom_logo":0,"ocean_custom_retina_logo":0,"ocean_custom_logo_max_width":0,"ocean_custom_logo_tablet_max_width":0,"ocean_custom_logo_mobile_max_width":0,"ocean_custom_logo_max_height":0,"ocean_custom_logo_tablet_max_height":0,"ocean_custom_logo_mobile_max_height":0,"ocean_header_custom_menu":"0","ocean_menu_typo_font_family":"0","ocean_menu_typo_font_subset":"","ocean_menu_typo_font_size":0,"ocean_menu_typo_font_size_tablet":0,"ocean_menu_typo_font_size_mobile":0,"ocean_menu_typo_font_size_unit":"px","ocean_menu_typo_font_weight":"","ocean_menu_typo_font_weight_tablet":"","ocean_menu_typo_font_weight_mobile":"","ocean_menu_typo_transform":"","ocean_menu_typo_transform_tablet":"","ocean_menu_typo_transform_mobile":"","ocean_menu_typo_line_height":0,"ocean_menu_typo_line_height_tablet":0,"ocean_menu_typo_line_height_mobile":0,"ocean_menu_typo_line_height_unit":"","ocean_menu_typo_spacing":0,"ocean_menu_typo_spacing_tablet":0,"ocean_menu_typo_spacing_mobile":0,"ocean_menu_typo_spacing_unit":"","ocean_menu_link_color":"","ocean_menu_link_color_hover":"","ocean_menu_link_color_active":"","ocean_menu_link_background":"","ocean_menu_link_hover_background":"","ocean_menu_link_active_background":"","ocean_menu_social_links_bg":"","ocean_menu_social_hover_links_bg":"","ocean_menu_social_links_color":"","ocean_menu_social_hover_links_color":"","ocean_disable_title":"default","ocean_disable_heading":"default","ocean_post_title":"","ocean_post_subheading":"","ocean_post_title_style":"","ocean_post_title_background_color":"","ocean_post_title_background":0,"ocean_post_title_bg_image_position":"","ocean_post_title_bg_image_attachment":"","ocean_post_title_bg_image_repeat":"","ocean_post_title_bg_image_size":"","ocean_post_title_height":0,"ocean_post_title_bg_overlay":0.5,"ocean_post_title_bg_overlay_color":"","ocean_disable_breadcrumbs":"default","ocean_breadcrumbs_color":"","ocean_breadcrumbs_separator_color":"","ocean_breadcrumbs_links_color":"","ocean_breadcrumbs_links_hover_color":"","ocean_display_footer_widgets":"default","ocean_display_footer_bottom":"default","ocean_custom_footer_template":"0","footnotes":""},"class_list":["post-17","page","type-page","status-publish","hentry","entry"],"_links":{"self":[{"href":"https:\/\/ape.sciencespo-lille.eu\/index.php\/wp-json\/wp\/v2\/pages\/17","targetHints":{"allow":["GET"]}}],"collection":[{"href":"https:\/\/ape.sciencespo-lille.eu\/index.php\/wp-json\/wp\/v2\/pages"}],"about":[{"href":"https:\/\/ape.sciencespo-lille.eu\/index.php\/wp-json\/wp\/v2\/types\/page"}],"author":[{"embeddable":true,"href":"https:\/\/ape.sciencespo-lille.eu\/index.php\/wp-json\/wp\/v2\/users\/1"}],"replies":[{"embeddable":true,"href":"https:\/\/ape.sciencespo-lille.eu\/index.php\/wp-json\/wp\/v2\/comments?post=17"}],"version-history":[{"count":32,"href":"https:\/\/ape.sciencespo-lille.eu\/index.php\/wp-json\/wp\/v2\/pages\/17\/revisions"}],"predecessor-version":[{"id":576,"href":"https:\/\/ape.sciencespo-lille.eu\/index.php\/wp-json\/wp\/v2\/pages\/17\/revisions\/576"}],"wp:attachment":[{"href":"https:\/\/ape.sciencespo-lille.eu\/index.php\/wp-json\/wp\/v2\/media?parent=17"}],"curies":[{"name":"wp","href":"https:\/\/api.w.org\/{rel}","templated":true}]}}